he units digit of n(o)?
5
Let l(q) = -q**3 + 2*q**2 + q + 60. What is the tens digit of l(0)?
6
Suppose -95 + 10 = -5*k. Suppose 2*x = x + k. What is the units digit of x?
7
Suppose 0*r + 15 = 5*r. Suppose 3*k - r = 3. Let z = 3 + k. What is the units digit of z?
5
Suppose a - 139 = -3*z, 5*a = 4*z + 282 + 470. What is the units digit of a?
8
What is the tens digit of ((-13)/3)/(2/(-48))?
0
Let t(o) = -7*o + 14. What is the units digit of t(-9)?
7
Let h(b) = -b - 4. Let q be h(-8). Suppose 2*j - 42 = -q*x, -3*x = -5*j + 2*x + 150. What is the units digit of j?
7
Suppose 6*h - 3*h - 87 = 0. Suppose h = -3*b + 4*b. What is the units digit of b?
9
Let b = -32 - -74. What is the units digit of b?
2
What is the tens digit of 65 - (3 - 5) - -3?
7
Let w be (-1)/5 - (-573)/15. Suppose 6*d = 4*q + d - 30, -3*q - 4*d = -w. What is the units digit of q?
0
Let z = -24 - -17. Let q(f) = -19*f**2 - 5*f - 1. Let n be q(4). What is the units digit of 2/z + n/(-35)?
9
What is the units digit of 0 - 5*(-3 + (-11)/(-5))?
4
Suppose h - 102 = g, -2*h + h = 2*g - 96. Suppose 5*t - h = -0*t. What is the tens digit of t?
2
Let f(o) = -13*o + 6. Let m(r) = -6*r + 3. Let v(y) = 2*f(y) - 5*m(y). Suppose -4*u + 3*u = 2*p + 1, -4*p = u - 3. What is the units digit of v(p)?
5
Suppose 0*u = u. Let v = -1 - u. Let y = v - -9. What is the units digit of y?
8
What is the units digit of -111*(-2 - (-6)/(-18))?
9
Suppose -2*y + 136 = -2*h, -25 = 2*y - h - 162. What is the units digit of y?
9
Let t be 4*-1*(-6)/3. What is the tens digit of 20 - -2 - (t - 5)?
1
Let l(u) = -3*u - 3. What is the units digit of l(-8)?
1
Let d = 623 + -438. Suppose -4*q + 19 = -d. What is the units digit of q?
1
Let d be ((-55)/(-11))/(1/2). Let z = d + 16. What is the units digit of z?
6
Suppose 3*o - 3*y - 57 = -o, 4*y = 3*o - 41. What is the tens digit of o?
1
Let d = -10 + 15. Suppose -d*z = -139 + 9. What is the tens digit of z?
2
Let c = -15 + 29. Let f = c + -1. What is the tens digit of f?
1
Let y(c) be the third derivative of -c**5/60 - c**4/6 - c**3/3 - c**2. Let b be y(-3). What is the units digit of 4 + b - (-4)/2?
7
Suppose -240 = -5*h + 5*p, 162 = 5*h - 4*p - 73. Suppose -5*a + h = 8. What is the units digit of a?
7
Let j(x) be the third derivative of 3*x**6/8 - x**4/12 + x**3/6 - 8*x**2. What is the tens digit of j(1)?
4
Let k be (-5)/(-7) - (-4)/14. Let p(j) = -j**3 + 4*j**2 + 8*j - 10. Let x be p(4). Let c = x + k. What is the tens digit of c?
2
Let j(q) = q**3 + 9*q**2 + 8*q + 9. Let y be j(-8). Suppose o - 3 - y = 0. Suppose -d = -0*d - o. What is the tens digit of d?
1
Let l(d) = 2*d**3 - 6*d**2 + d + 4. What is the tens digit of l(4)?
4
Let o(n) = -5*n + 9. What is the tens digit of o(-3)?
2
Let d(v) = 4*v - 5. Let r be d(4). Let y = r - -4. What is the units digit of y?
5
Suppose 2*w + w + 102 = 3*b, 2*b = w + 67. Let j = b - 14. Suppose -5 = -2*u + 5, -3*x = -5*u + j. What is the units digit of x?
2
Let s = 6 + -6. Let t = s - -4. Suppose -19 = -v - t. What is the units digit of v?
5
Let g be 34/6 + 6/(-9). Let j = -5 - -6. Suppose s = 3*d + g, -j = -4*s + 3*s - d. What is the units digit of s?
2
Let h(x) = -15*x - 3. Let p be h(-4). Suppose -4*j + 3 + p = 0. What is the units digit of j?
5
Let s(z) = z - 4. Let o be s(5). What is the units digit of (o*-1)/(2/(-38))?
9
Let v be (-1 + -8)/(-6 - -7). What is the units digit of (v/(-2))/(3/4)?
6
Suppose -3*d - 28 = -5*d. Let o = 32 - d. What is the tens digit of o?
1
Let u = 40 + -28. What is the tens digit of u?
1
Let d = 5 - 4. Let m be (0/d - -1)*-23. Let j = -12 - m. What is the tens digit of j?
1
Suppose 3*t + q - 61 = 0, 4*t - 83 = -4*q + q. Suppose -t = -0*k - 2*k. What is the units digit of k?
0
Suppose -5*w + 1200 = 3*l + 2*l, -4*w = 2*l - 480. What is the tens digit of l?
4
Let u(b) = -25*b - 14. What is the tens digit of u(-6)?
3
Let a(u) = -9*u**3 + 2*u**2 + u + 3. What is the tens digit of a(-2)?
8
Suppose -195*u - 840 = -200*u. What is the tens digit of u?
6
Let u(m) = -37*m - 25. What is the units digit of u(-7)?
4
Suppose -4*n - n + 540 = o, -4*n = -5*o + 2787. What is the units digit of 4/(-16) - o/(-12)?
6
Suppose -2*r - 5*b = -21, 7*b = r + 4*b + 6. Suppose -2*x - 19 = -r*h, 3*x = -5*h - 0*x. What is the units digit of h?
3
Let d = -5 + -1. Let n = d + 14. What is the units digit of n?
8
What is the units digit of (-1*1/3)/((-6)/126)?
7
Let d = 32 - -14. What is the units digit of d?
6
Suppose 12 = 3*b, 0*q - 5*b = -4*q. Suppose -g + q*a = 22, 0 = 3*g + a - 1 + 3. What is the units digit of (5/g)/((-6)/48)?
0
Let g(j) = -2*j**2 - j - 1. Let w(q) = q**2 + q + 1. Let l(r) = -g(r) - w(r). What is the units digit of l(-1)?
1
Let v(x) = -x**3 + 6*x**2 + 5*x + 2. Let s be v(6). Suppose -4*f + s = -2*f. Suppose -2*k = 2*k - f. What is the units digit of k?
4
What is the tens digit of ((-144)/90)/(4/(-50))?
2
Let i = -104 + 151. What is the units digit of i?
7
Let y(p) = 17*p - 1. What is the units digit of y(2)?
3
Let f(y) = y**3 - 7*y**2 + 3*y + 2. Let s(t) = t**2 + 3*t + 3. Let g be s(-4). Let d be f(g). Suppose 3*r = d - 8. What is the units digit of r?
5
Suppose -4*c - 4 = -0*c. Let s = -5 - c. Let t(o) = o**3 + 4*o**2 - o + 3. What is the units digit of t(s)?
7
Suppose h - 2 = -3. Let b(v) = 2*v**2 + v + 1. Let d be b(h). What is the units digit of 0/d*-1 - -15?
5
Let y be (0 + 2)/(2/(-2)). What is the units digit of y/6 - 32/(-6)?
5
Let f(i) = -i + 12. Let w be f(16). Let h(s) = -7*s - 10. Let a(n) = -3*n - 5. Let p(c) = -9*a(c) + 4*h(c). What is the units digit of p(w)?
9
Suppose -2*h = -6*h + 20. Suppose 3*t - 85 = -h*a, -125 = a - 6*a + 5*t. What is the units digit of 112/a + 4/10?
6
Suppose 9 = -4*u + u. Let p(l) = l**3 + 2*l**2 - 4*l - 1. Let x be p(u). Suppose -x = -2*f + 2. What is the units digit of f?
2
Suppose 2*g + 0*y - 2*y = 36, 4*g - 2*y - 72 = 0. Suppose 4*b - 16 = -4, 0 = -3*n - 3*b + g. What is the units digit of n?
3
Suppose -1 = -3*m - 5*k, -2*m + 3*k + 19 = -7. Let r be ((-4)/6)/((-6)/117). Suppose 4*o = m + r. What is the units digit of o?
5
Let z be 1 + (-2)/4*58. What is the units digit of 210/8 - (-7)/z?
6
Let w = 77 + 54. What is the units digit of w?
1
Suppose 3*r + 1 = 10. Suppose -12 = -5*i - a - 3*a, 3 = -r*i + a. Let g(o) = o**2 + o + 1. What is the units digit of g(i)?
1
Let z(w) = -w**2 + 10*w + 3. Let d be z(10). Let l = 5 - d. What is the units digit of l?
2
Suppose 0 = -4*v + 22 - 2. Suppose 5*r + v*t = -50, -3*r - 26 - 3 = 4*t. Let b = r - -19. What is the units digit of b?
8
What is the tens digit of 44/8*7 + 1/(-2)?
3
Suppose 2*c = -3*b + 5*c, 5*b + 3*c + 16 = 0. Let w = -2 - -7. What is the units digit of (b/(-2))/(w/70)?
4
Let j be (-2)/(-6) - (-24)/9. Suppose 2*s - 5*i = -23, 2*s + 2*s + j*i = 19. Let o(n) = 5*n - 1. What is the units digit of o(s)?
4
Let s be ((-7)/(-2))/((-5)/(-10)). Suppose n - w = 5, -5*n - w + s + 0 = 0. Suppose -n*m + 8 = 2*m. What is the units digit of m?
2
Suppose -8*k + 7*k + 4 = 0. Suppose -4*x - k = -28. What is the units digit of x?
6
Let s(r) = -r**2 + 1. Let w be s(1). Let o(u) be the second derivative of u**4/12 - u**3/6 + u**2/2 + 2*u. What is the units digit of o(w)?
1
Let p = 15 + -9. Let w = 13 - p. What is the units digit of w?
7
Let j(p) = -6*p - 3. Let i be j(-3). Suppose -3 = 3*w - i. Let f = w - -1. What is the units digit of f?
5
Let f be (15/10)/(3/(-8)). Let w = 11 + f. What is the units digit of w?
7
Let h(b) be the first derivative of 4*b**3/3 - 2*b**2 + 2*b - 3. Let k be h(2). Suppose k = y - 0*y. What is the units digit of y?
0
Suppose -38 = 4*k - 126. Suppose 5*x - 4*x = k. What is the tens digit of x?
2
Suppose -178 - 402 = 4*x. What is the units digit of x/(-4) - 2/8?
6
Suppose 2*t - 16 - 28 = 0. What is the units digit of t?
2
Let a(x) = -3*x + 24. What is the units digit of a(5)?
9
Suppose -3*n + 33 = -3. Let x(p) = -p**3 + 13*p**2 - 12*p + 4. What is the units digit of x(n)?
4
Let v(q) = -15*q + 6. Let g(l) = -7*l + 3. Let h(f) = -13*g(f) + 6*v(f). Suppose 24 = 3*c - 0. What is the units digit of h(c)?
5
Let c(g) be the third derivative of g**6/120 - 2*g**5/15 + g**4/3 - g**3 + 3*g**2. What is the units digit of c(7)?
1
Let v = 22 + -13. Suppose -v*h + 5*h = -4. What is the units digit of h?
1
Let o(z) = 7*z**2 + 4*